lse
Does 107 divide 427893?
True
Does 350 divide 7264250?
True
Is 16 a factor of 489888?
True
Does 459 divide 4956741?
True
Is 16 a factor of 6711357?
False
Does 564 divide 14888950?
False
Is 862543 a multiple of 44?
False
Is 12141 a multiple of 6?
False
Does 4 divide 2688?
True
Does 5 divide 9250?
True
Does 253 divide 38113?
False
Is 496 a factor of 9569328?
True
Does 4 divide 20813?
False
Is 13 a factor of 226373?
False
Does 1117 divide 8408483?
False
Is 16 a factor of 33495?
False
Is 12 a factor of 372942?
False
Is 85 a factor of 265148?
False
Is 501 a factor of 334668?
True
Is 28 a factor of 1584014?
False
Is 789471 a multiple of 9?
True
Does 8 divide 12888?
True
Does 204 divide 99512?
False
Is 1724199 a multiple of 8?
False
Is 775 a multiple of 6?
False
Is 640 a factor of 1811200?
True
Is 15 a factor of 1111387?
False
Is 4601922 a multiple of 82?
True
Is 22 a factor of 9891518?
False
Is 13 a factor of 302038?
False
Does 21 divide 14427505?
False
Is 30 a factor of 364066?
False
Is 390 a factor of 367380?
True
Is 22 a factor of 51462?
False
Does 7 divide 43556?
False
Is 12 a factor of 312325?
False
Is 8280207 a multiple of 31?
False
Is 50372 a multiple of 308?
False
Is 19188 a multiple of 9?
True
Does 66 divide 804599?
False
Is 11133 a multiple of 5?
False
Does 3 divide 559059?
True
Is 25 a factor of 316143?
False
Is 246 a factor of 557781?
False
Is 240024 a multiple of 219?
True
Does 251 divide 328039?
False
Is 14 a factor of 289044?
True
Is 27 a factor of 983043?
True
Does 50 divide 231917?
False
Is 294 a factor of 976962?
True
Is 26358 a multiple of 46?
True
Does 52 divide 64480?
True
Is 4544359 a multiple of 7?
False
Does 99 divide 3968162?
False
Is 146 a factor of 3591454?
True
Is 9169 a multiple of 2?
False
Is 30 a factor of 49500?
True
Does 165 divide 314655?
True
Is 41760 a multiple of 60?
True
Is 6238669 a multiple of 19?
True
Is 78976 a multiple of 90?
False
Is 875 a factor of 9620625?
True
Does 802 divide 8853571?
False
Does 365 divide 1492850?
True
Is 806380 a multiple of 23?
True
Is 949014 a multiple of 11?
True
Does 29 divide 1140595?
False
Is 420781 even?
False
Does 216 divide 10466386?
False
Is 13 a factor of 5630?
False
Does 33 divide 87417?
True
Is 897966 a multiple of 97?
False
Is 186249 a multiple of 8?
False
Is 54 a factor of 2155086?
True
Is 4 a factor of 10996?
True
Is 689060 a multiple of 10?
True
Is 3790584 a multiple of 216?
True
Is 3462360 a multiple of 732?
True
Does 162 divide 111618?
True
Does 30 divide 1819553?
False
Does 30 divide 15431916?
False
Is 182818 a multiple of 39?
False
Is 76105 a multiple of 155?
True
Does 5 divide 208992?
False
Is 18 a factor of 579330?
True
Does 213 divide 3629946?
True
Is 212174 a multiple of 19?
False
Is 7 a factor of 2447268?
False
Is 218832 a multiple of 141?
True
Is 15 a factor of 6000000?
True
Is 1956012 a multiple of 431?
False
Does 93 divide 389153?
False
Does 747 divide 386946?
True
Is 91 a factor of 1320897?
False
Is 308 a factor of 240856?
True
Is 437388 a multiple of 3?
True
Does 239 divide 131211?
True
Is 320 a factor of 3301760?
True
Is 2418207 a multiple of 786?
False
Is 5 a factor of 364589?
False
Is 6 a factor of 622613?
False
Does 23 divide 23644?
True
Does 76 divide 5038698?
False
Does 60 divide 1901005?
False
Is 15 a factor of 100365?
True
Does 75 divide 3778200?
True
Is 3 a factor of 34810?
False
Does 88 divide 2540560?
True
Does 11 divide 1019102?
False
Is 438 a factor of 2768943?
False
Does 30 divide 367893?
False
Does 79 divide 42660?
True
Does 48 divide 151237?
False
Does 34 divide 4853296?
True
Is 538204 a multiple of 341?
False
Does 19 divide 65307?
False
Does 1461 divide 18591225?
True
Does 13 divide 184684?
False
Is 31 a factor of 534626?
True
Is 210300 a multiple of 10?
True
Is 5761560 a multiple of 1083?
True
Does 18 divide 66415?
False
Is 95 a factor of 1071220?
True
Is 2952 a multiple of 5?
False
Is 9 a factor of 182529?
True
Is 6948 a multiple of 34?
False
Does 7 divide 139502?
False
Is 55 a factor of 77092?
False
Does 80 divide 28960?
True
Does 72 divide 1433607?
False
Is 625030 a multiple of 684?
False
Does 43 divide 7840319?
True
Does 23 divide 64959?
False
Is 4 a factor of 424615?
False
Does 15 divide 25139?
False
Is 67 a factor of 200566?
False
Does 100 divide 267600?
True
Is 199082 a multiple of 464?
False
Does 119 divide 3636164?
True
Is 123768 a multiple of 216?
True
Is 11772684 a multiple of 1918?
True
Is 542427 a multiple of 38?
False
Does 9 divide 274326?
False
Is 148 a factor of 74592?
True
Does 542 divide 109519?
False
Is 1774544 a multiple of 8?
True
Is 42550 a multiple of 370?
True
Is 1822 a factor of 822205?
False
Does 33 divide 379958?
False
Is 1773055 a multiple of 5?
True
Is 13 a factor of 498031?
False
Does 21 divide 159096?
True
Does 10 divide 287530?
True
Does 169 divide 268541?
True
Does 18 divide 2281183?
False
Is 459060 a multiple of 42?
True
Is 46 a factor of 8412388?
True
Is 46 a factor of 9798?
True
Is 1028 a factor of 8357640?
True
Does 12 divide 1870428?
True
Does 17 divide 58786?
True
Is 7407938 a multiple of 74?
False
Is 283 a factor of 1661210?
True
Is 17687000 a multiple of 1150?
True
Is 28 a factor of 234082?
False
Is 170 a factor of 124735?
False
Does 5 divide 34430?
True
Is 87349 a multiple of 2?
False
Is 351195 a multiple of 65?
True
Is 160 a factor of 265120?
True
Is 537207 a multiple of 223?
True
Is 4302 a multiple of 59?
False
Does 1220 divide 9104860?
True
Does 179 divide 2572767?
True
Is 1064 a factor of 2163112?
True
Is 14527765 a multiple of 35?
True
Is 11414628 a multiple of 12?
True
Is 346 a factor of 2360758?
True
Does 51 divide 61193?
False
Does 189 divide 198698?
False
Is 3737235 a multiple of 1039?
False
Is 14 a factor of 205912?
True
Is 27 a factor of 15282?
True
Is 126687 a multiple of 121?
True
Is 14 a factor of 7040272?
False
Does 75 divide 1350?
True
Is 156387 a multiple of 33?
True
Is 151 a factor of 424008?
True
Is 64 a multiple of 16?
True
Does 94 divide 174840?
True
Does 4 divide 29908?
True
Does 40 divide 658562?
False
Is 305208 a multiple of 121?
False
Does 15 divide 2450738?
False
Does 55 divide 896208?
False
Is 70700 a multiple of 202?
True
Is 84 a factor of 285949?
False
Does 18 divide 192168?
True
Is 8889066 a multiple of 1038?
False
Is 46895 a multiple of 83?
True
Is 234680 a multiple of 192?
False
Is 3039 a multiple of 2?
False
Does 13 divide 1415805?
False
Does 59 divide 1349094?
True
Does 8 divide 508578?
False
Is 562 a factor of 863794?
True
Is 921817 a multiple of 583?
False
Is 20 a factor of 129678?
False
Does 5 divide 4794?
False
Is 115996 even?
True
Is 494 a factor of 954617?
False
Does 82 divide 4143?
False
Does 21 divide 648102?
True
Does 28 divide 3556?
True
Is 94 a factor of 6387676?
True
Is 88023 a multiple of 2?
False
Is 219 a factor of 4225167?
True
Is 18 a factor of 1234764?
True
Does 353 divide 1564143?
True
Is 857 a factor of 1140667?
True
Is 74 a factor of 180264?
True
Does 58 divide 550100?
False
Is 272339 a multiple of 394?
False
Does 23 divide 833128?
False
Is 117489 a multiple of 218?
False
Is 804544 a multiple of 52?
True
Is 342205 a multiple of 30?
False
Is 735876 a multiple of 18?
True
Does 22 divide 409097?
False
Is 43 a factor of 5030398?
True
Does 683 divide 1126736?
False
Is 558129 a multiple of 58?
False
Is 164430 a multiple of 29?
True
Is 6 a factor of 35540?
False
Does 42 divide 49182?
True
Does 87 divide 1558431?
True
Is 32 a factor of 609277?
False
Is 3720816 a multiple of 6?
True
Does 8 divide 61286?
False
Is 120923 a multiple of 5?
False
Is 35 a factor of 96810?
True
Is 5792551 a multiple of 18?
False
Does 1312 divide 24833252?
False
Is 7120505 a multiple of 365?
False
Is 609000 a multiple of 812?
True
Is 11 a factor of 17215?
True
Does 209 divide 4387620?
False
Does 23 divide 766453?
False
Is 1729220 a multiple of 18?
False
Is 9529 a multiple of 12?
False
Does 109 divide 221960?
False
Is 80823 a multiple of 8?
False
Does 67 divide 4126999?
True
Is 387212 a multiple of 7?
True
Does 21 divide 604611?
True
Is 18 a factor of 22074?
False
Does 39 divide 254631?
True
Is 3963517 a multiple of 29?
True
Is 1106641 a multiple of 30?
False
Is 45 a factor of 2633267?
False
Is 108309 a multiple of 79?
True
Is 1004666 a multiple of 13?
True
Does 4 divi